{"id":19,"date":"2018-05-25T13:58:10","date_gmt":"2018-05-25T12:58:10","guid":{"rendered":"http:\/\/tierheilpraxis-elsner.de\/?page_id=19"},"modified":"2018-06-11T09:48:58","modified_gmt":"2018-06-11T08:48:58","slug":"blutegel","status":"publish","type":"page","link":"https:\/\/tierheilpraxis-elsner.de\/?page_id=19","title":{"rendered":"Blutegeltherapie"},"content":{"rendered":"<h4>Blutegel:(HIRUDO MEDICINALIS)<\/h4>\r\n<p><img loading=\"lazy\" class=\"size-medium wp-image-78 alignright\" src=\"https:\/\/tierheilpraxis-elsner.de\/wp-content\/uploads\/2018\/06\/20161128_1156837825-300x199.jpg\" alt=\"\" width=\"300\" height=\"199\" srcset=\"https:\/\/tierheilpraxis-elsner.de\/wp-content\/uploads\/2018\/06\/20161128_1156837825-300x199.jpg 300w, https:\/\/tierheilpraxis-elsner.de\/wp-content\/uploads\/2018\/06\/20161128_1156837825.jpg 360w\" sizes=\"(max-width: 300px) 85vw, 300px\" \/>\u201eEgel\u201c leitet sich nicht von Ekel ab, sondern stammt aus dem Griechischen: \u201eEchis\u201c, was \u00fcbersetzt kleine Schlange bedeutet. Sie geh\u00f6ren zu der Familie der Annelida- Ringelw\u00fcrmer.<br \/>Blutegel wirken :<\/p>\r\n<ul>\r\n<li>gerinnungshemmend<\/li>\r\n<li>lymphstrombeschleunigend<\/li>\r\n<li>antithrombotisch<\/li>\r\n<li>immunisierend<\/li>\r\n<li>entz\u00fcndungshemmend<\/li>\r\n<li>schmerzlindernd<\/li>\r\n<\/ul>\r\n<p>Somit werden sie erfolgreich eingesetzt bei Krankheiten des Bewegungsapparates, wie Arthrose, Arthritis, Hufrehe, Bandscheibenvorf\u00e4llen, H\u00fcft- oder Ellenbogengelenksdysplasien usw., sowie unterst\u00fctzend bei der periodischen Augenentz\u00fcndung des Pferdes. Weiterhin kann man die Egel auf diverse Akupunkturpunkte setzen um diese zu aktivieren<\/p>\r\n\r\n<p>&nbsp;<\/p>\r\n","protected":false},"excerpt":{"rendered":"<p>Blutegel:(HIRUDO MEDICINALIS) \u201eEgel\u201c leitet sich nicht von Ekel ab, sondern stammt aus dem Griechischen: \u201eEchis\u201c, was \u00fcbersetzt kleine Schlange bedeutet. Sie geh\u00f6ren zu der Familie der Annelida- Ringelw\u00fcrmer.Blutegel wirken : gerinnungshemmend lymphstrombeschleunigend antithrombotisch immunisierend entz\u00fcndungshemmend schmerzlindernd Somit werden sie erfolgreich eingesetzt bei Krankheiten des Bewegungsapparates, wie Arthrose, Arthritis, Hufrehe, Bandscheibenvorf\u00e4llen, H\u00fcft- oder Ellenbogengelenksdysplasien usw., sowie &hellip; <a href=\"https:\/\/tierheilpraxis-elsner.de\/?page_id=19\" class=\"more-link\"><span class=\"screen-reader-text\">&#8222;Blutegeltherapie&#8220; <\/span>weiterlesen<\/a><\/p>\n","protected":false},"author":1,"featured_media":0,"parent":0,"menu_order":0,"comment_status":"closed","ping_status":"closed","template":"","meta":[],"_links":{"self":[{"href":"https:\/\/tierheilpraxis-elsner.de\/index.php?rest_route=\/wp\/v2\/pages\/19"}],"collection":[{"href":"https:\/\/tierheilpraxis-elsner.de\/index.php?rest_route=\/wp\/v2\/pages"}],"about":[{"href":"https:\/\/tierheilpraxis-elsner.de\/index.php?rest_route=\/wp\/v2\/types\/page"}],"author":[{"embeddable":true,"href":"https:\/\/tierheilpraxis-elsner.de\/index.php?rest_route=\/wp\/v2\/users\/1"}],"replies":[{"embeddable":true,"href":"https:\/\/tierheilpraxis-elsner.de\/index.php?rest_route=%2Fwp%2Fv2%2Fcomments&post=19"}],"version-history":[{"count":8,"href":"https:\/\/tierheilpraxis-elsner.de\/index.php?rest_route=\/wp\/v2\/pages\/19\/revisions"}],"predecessor-version":[{"id":113,"href":"https:\/\/tierheilpraxis-elsner.de\/index.php?rest_route=\/wp\/v2\/pages\/19\/revisions\/113"}],"wp:attachment":[{"href":"https:\/\/tierheilpraxis-elsner.de\/index.php?rest_route=%2Fwp%2Fv2%2Fmedia&parent=19"}],"curies":[{"name":"wp","href":"https:\/\/api.w.org\/{rel}","templated":true}]}}