{"id":40,"date":"2018-05-25T14:07:24","date_gmt":"2018-05-25T13:07:24","guid":{"rendered":"http:\/\/tierheilpraxis-elsner.de\/?page_id=40"},"modified":"2018-06-11T10:00:08","modified_gmt":"2018-06-11T09:00:08","slug":"therapien","status":"publish","type":"page","link":"https:\/\/tierheilpraxis-elsner.de\/?page_id=40","title":{"rendered":"Therapien"},"content":{"rendered":"<p><img loading=\"lazy\" class=\"alignright size-medium wp-image-79\" src=\"https:\/\/tierheilpraxis-elsner.de\/wp-content\/uploads\/2018\/06\/bachblu_20161128_1521095616-300x225.jpeg\" alt=\"\" width=\"300\" height=\"225\" srcset=\"https:\/\/tierheilpraxis-elsner.de\/wp-content\/uploads\/2018\/06\/bachblu_20161128_1521095616-300x225.jpeg 300w, https:\/\/tierheilpraxis-elsner.de\/wp-content\/uploads\/2018\/06\/bachblu_20161128_1521095616.jpeg 640w\" sizes=\"(max-width: 300px) 85vw, 300px\" \/>Neben den, detailliert vorgestellten Verfahren, gibt es weitere m\u00f6gliche Therapieans\u00e4tze:<\/p>\n<ul>\n<li>Biochemie nach Dr.Sch\u00fc\u00dfler<\/li>\n<li>Reintoxine<\/li>\n<li>Aderlass<\/li>\n<li>Eigenblut<\/li>\n<li>Bachbl\u00fcten<\/li>\n<\/ul>\n","protected":false},"excerpt":{"rendered":"<p>Neben den, detailliert vorgestellten Verfahren, gibt es weitere m\u00f6gliche Therapieans\u00e4tze: Biochemie nach Dr.Sch\u00fc\u00dfler Reintoxine Aderlass Eigenblut Bachbl\u00fcten<\/p>\n","protected":false},"author":1,"featured_media":0,"parent":0,"menu_order":0,"comment_status":"closed","ping_status":"closed","template":"","meta":[],"_links":{"self":[{"href":"https:\/\/tierheilpraxis-elsner.de\/index.php?rest_route=\/wp\/v2\/pages\/40"}],"collection":[{"href":"https:\/\/tierheilpraxis-elsner.de\/index.php?rest_route=\/wp\/v2\/pages"}],"about":[{"href":"https:\/\/tierheilpraxis-elsner.de\/index.php?rest_route=\/wp\/v2\/types\/page"}],"author":[{"embeddable":true,"href":"https:\/\/tierheilpraxis-elsner.de\/index.php?rest_route=\/wp\/v2\/users\/1"}],"replies":[{"embeddable":true,"href":"https:\/\/tierheilpraxis-elsner.de\/index.php?rest_route=%2Fwp%2Fv2%2Fcomments&post=40"}],"version-history":[{"count":6,"href":"https:\/\/tierheilpraxis-elsner.de\/index.php?rest_route=\/wp\/v2\/pages\/40\/revisions"}],"predecessor-version":[{"id":121,"href":"https:\/\/tierheilpraxis-elsner.de\/index.php?rest_route=\/wp\/v2\/pages\/40\/revisions\/121"}],"wp:attachment":[{"href":"https:\/\/tierheilpraxis-elsner.de\/index.php?rest_route=%2Fwp%2Fv2%2Fmedia&parent=40"}],"curies":[{"name":"wp","href":"https:\/\/api.w.org\/{rel}","templated":true}]}}